*j**2 - 5*j**3 + 117642 - 117646. Give y(g).
-4
Let l(g) = -16*g + 2. Let s(o) = 4*o - 11 - 8*o + 13 - 4*o. Let h(i) = 2*l(i) - 5*s(i). Determine h(4).
26
Let h(n) = 11*n**2 + 6*n**2 - 5*n**2. Let m = 78 + -228. Let f = -151 - m. Calculate h(f).
12
Let b(m) = 7*m**3 + m**2 + m + 1. Let x be b(-1). Let f(g) be the first derivative of -19 + 1/3*g**3 - 6*g + 5/2*g**2. Determine f(x).
0
Let q = 100 + -96. Let b be (6/(-9))/(-1*q/60). Let w(i) = i**2 - 11*i + 11. Determine w(b).
1
Let i(s) = s**3 - s**2 + s - 1. Let x(a) = 5*a - 29. Let z be x(6). Let f(q) = 4*q**3 + q**2 + q - 7. Let v(w) = z*f(w) - 3*i(w). What is v(-3)?
11
Suppose 0 = 33*b + 28 + 698. Let k(d) = d**3 + 23*d**2 + 25*d + 43. What is k(b)?
-23
Let z(b) = 9*b**3 - 5*b**2 - 9*b + 11. Let t(j) = 22*j**3 - 10*j**2 - 19*j + 23. Let y(q) = -2*t(q) + 5*z(q). Let g = -13 - 4. Let m = -11 - g. What is y(m)?
3
Let w(u) = u**2 + u - 9. Let c(q) = -4*q**2 + 6*q + 64. Let p(l) = -c(l) - 5*w(l). Give p(-7).
9
Let p(s) = 1729*s + 6867 - 1727*s - 6862. Let m(l) = -3*l + 4. Let c be m(4). Give p(c).
-11
Let n = 391 - 392. Let h(m) = 2*m**3 + m**2 - 1. Let r be h(n). Let p(t) = -8*t - 5. Give p(r).
11
Let j = 571/16680 - 18/695. Let i(w) be the third derivative of 0 + j*w**6 + 4/3*w**3 + 0*w + 1/4*w**4 - 28*w**2 - 2/15*w**5. Calculate i(7).
1
Let b(c) be the first derivative of 7*c**2/2 - 40*c - 337. Give b(9).
23
Let f(n) = 3*n**2 - 25*n - 28. Suppose 80*s - 63*s = 121 + 32. Calculate f(s).
-10
Let z(s) = -43*s - 46*s + 145*s - 49*s - 6*s**2 + 6. What is z(5)?
-109
Let z = -593 - -591. Let u be -3 - (1 - 6) - -2. Let f(w) = -2 + w**2 + 7*w**2 - u*w**2. Calculate f(z).
14
Let t = -120 + 141. Suppose 6*s - 15 - t = 0. Let w(z) = -3*z - 4*z**3 + 7*z**2 + 3*z**3 + 0*z. Calculate w(s).
18
Suppose t = -0 + 1. Let g(u) = 4*u - 2433. Let a(w) = -7*w + 6083. Let x(i) = 2*a(i) + 5*g(i). What is x(t)?
7
Let k(z) = z**2 + 4*z - 1. Suppose -4*b + b - 4 + 28 = 0. Determine k(b).
95
Suppose 2*h - 532 = -280. Let s(p) = -65 - 3*p - 61 - p**2 + h. Give s(-4).
-4
Let k(v) be the third derivative of v**4/8 + 7*v**3/3 - 409*v**2. What is k(2)?
20
Let l = -8 + 44. Let r(t) = -37*t + 9 + 80*t - t**2 - l*t. Give r(8).
1
Let y(p) = -p**3 + 27*p**2 - 16*p - 243. Let i be y(26). Let a(s) = -s**3 + 18*s**2 - 16*s - 42. Calculate a(i).
-25
Let o(s) = 2*s**3 - 51*s**2 + 27*s - 59. Let t = -10080 - -10105. Calculate o(t).
-9
Suppose 3*z - 79 = -4*z + 40. Let o(d) = -6*d + 39. What is o(z)?
-63
Let h = -67 + 75. Suppose 2*j + h = 5*q, 4*j - 7 = -5*q + 7*j. Let n(t) = 2*t**2 - 3*t + 5. Give n(q).
7
Let r(u) be the third derivative of u**5/60 - 19*u**3 + 11*u**2 - 221*u + 2. What is r(11)?
7
Suppose -7*t + t = -12. Suppose 4 = -h + t*l + 2*l, -3*l = 5*h - 3. Suppose -2*r - b = 7 - h, -2*b = -4*r - 18. Let p(z) = -z + 3. Determine p(r).
7
Suppose 5*v = -4*u - 28, 5*u - 44 = -v - 58. Let f be (2 - (5 + u))/((-3)/(-6)). Let y(w) = 10*w**2 - 3*w - 2. Give y(f).
44
Let l = -294 + 299. Suppose -l + 29 = 3*w. Let b(p) = -p**3 + 9*p**2 - 7*p - 8. Determine b(w).
0
Let u(p) = p**2 + 11*p + 25. Let r be (-736)/960*18 - 1/(7 - 2). Calculate u(r).
67
Let m(a) = a + 30. Let s = 7297 + -7302. Determine m(s).
25
Suppose -15 = 4*g + i + 9, -5*g - 51 = -4*i. Let y(z) be the third derivative of z**5/60 + z**4/3 + 5*z**3/6 - 86547*z**2. Determine y(g).
-2
Let x(d) = 13*d**2 - 52*d - 6. Suppose -730 = -73*g - 270 - 168. Calculate x(g).
-6
Suppose 5*p = 4*h - 19, 4*p + 1 = -h + 11. Let f(d) = 10 - h*d - d**2 + 6*d**2 - 17 - 3*d**2. What is f(5)?
13
Let p(s) = 84*s**3 + 4*s**2 + 6*s - 1. Let n(m) = -212*m**3 - 10*m**2 - 15*m + 2. Let u(b) = 5*n(b) + 12*p(b). What is u(-1)?
51
Suppose -x = 3*x, -5*x - 3 = -p. Let j(q) = 4*q - q**3 + 3*q**2 - 75 - p*q + 74. Calculate j(3).
2
Let f(m) be the first derivative of 26*m**3/3 + 3*m**2/2 - m + 4845. Calculate f(2).
109
Let q(t) = 27 + 3 - 1092*t + 2184*t - 1090*t + 0. Give q(-13).
4
Suppose -8*k + 12*k = -52*k + 616. Let i(a) = a**2 - 27*a + 184. Give i(k).
8
Let a(h) = -2*h**2 - 57*h - 62. Suppose -4*d + 6*f - 3*f = 81, 0 = d + 5*f + 72. Calculate a(d).
19
Let w(r) = 1788*r**3 - 1789*r**3 + 2*r + 2*r**2 + 0 + 0. Let i(n) = -6*n + 22*n - 14*n + 20. Let j be i(-9). Give w(j).
4
Let m(o) = o**3 - 32*o**2 + 59*o + 26. Suppose -54 = 9*w - 10*w + 4*x, 3*x = -18. Calculate m(w).
-4
Suppose -76*p = -65*p - 22. Let a(l) = 4*l**2 - 11*l**p + 4*l**2 + 3*l**2 + 2*l**2. Give a(-1).
2
Let b(c) = -c**2 - 7*c - 7. Let f be ((-12)/36)/((-1)/(-18)). Determine b(f).
-1
Let l = -253 + 253. Let h(d) = l*d**2 + 0*d**2 - 173 - d**2 + 174. What is h(2)?
-3
Let b(k) = 2*k**3 - 18*k**2 + 12*k + 74. Let p be b(3). Suppose 2*j - j = 0. Let s(q) = 2*q - 9*q + j*q. Determine s(p).
-14
Let z(x) = 7*x**2 + 4*x + 6. Let p(b) be the second derivative of -2*b**4/3 - b**3/2 - 3*b**2 - 53*b. Let h(a) = 6*p(a) + 7*z(a). Determine h(-7).
-15
Let j(o) = o**3 - 7*o**2 - 4*o + 26. Suppose 2*d - 9 = -v, 34*v + 10 = 32*v. Determine j(d).
-2
Let b(i) be the third derivative of -i**6/120 - 7*i**5/60 + 3*i**4/8 + 13*i**3/6 - 9*i**2 + 3. Calculate b(-8).
5
Suppose 0 = -3*d + 20 - 50. Let j be (d/(-75)*20)/(4/6). Suppose 0 = -27*o + 31*o + j. Let t(f) = -f**2 + 1. What is t(o)?
0
Suppose 3*m + 12 = 0, -2*m + 4*m = -2*k - 34. Let n = -11 - k. Let x(z) = z - 6*z - 2 + 2*z. What is x(n)?
-8
Let f(h) be the third derivative of h**5/60 + 11*h**4/24 + 3*h**3 - 4*h**2 + 15. Let o(l) = -l**2 + l + 1. Let d(j) = f(j) + 2*o(j). Give d(15).
-10
Let l(t) be the first derivative of t**4/2 + 2*t**3/3 + t**2 - t - 41. Suppose 0 = -5*y + 4*v + 130, 2*y + 6*v - 52 = v. Suppose 5*s = 16 - y. What is l(s)?
-13
Let a(h) be the first derivative of h**4/2 + h**3/3 + h**2 + 6*h + 124. What is a(-2)?
-10
Let h(v) = -v - 6*v**2 - v + 3*v. Suppose 40 + 55 = 20*b + 115. Calculate h(b).
-7
Let t = 7270 - 7267. Let j(p) = -12*p + 2. Calculate j(t).
-34
Let d = -23274 + 23258. Let p(l) = -l**2 - 15*l. What is p(d)?
-16
Let f(d) be the third derivative of d**5/60 - 3*d**4/8 + 3*d**3/2 - 22*d**2. Let o = 106 + -112. Let s(j) = j + 12. Let r be s(o). Give f(r).
-9
Let k(z) = 70*z**2 + 910*z - 6. Let a be k(-13). Let b(u) = u**3 + 8*u**2 + 11*u + 1. Give b(a).
7
Let k(h) = -6*h**3 - 3*h**2 - 2*h - 3. Let v(p) = p**2 + 10*p + 8. Let l be v(0). Let u be 1 - (-8)/l*-3. What is k(u)?
37
Let i(l) be the first derivative of 1/3*l**3 + l - 33 - l**2. Let j = 4 - 3. Calculate i(j).
0
Let r(o) = 3*o**3 - 2*o**2 - 9*o + 15. Let j(z) = z**3 + z**2 - 2*z. Let g(k) = 2*j(k) - r(k). Determine g(5).
-15
Let g(z) be the first derivative of z**3/3 - z**2/2 + 3*z - 921. Calculate g(4).
15
Let q(w) = 2*w. Let y(z) = 5*z**2 - 5*z + 27. Let g(b) = -b**2 + b. Let v(a) = -6*g(a) - y(a). Let m be v(-5). Suppose 2*l + m = 9. Determine q(l).
6
Suppose 0 = -2*j - 2, -s + 42 = -2*j - 38. Let r be -5 + (-44)/33*s/(-8). Let t(v) = v**3 - 7*v**2 - 10*v + 10. Give t(r).
-6
Let r(n) = -n**2 - 26*n - 111. Suppose 0 = 2*l - 5*q + 35, -4*l = -4*q + 28 + 12. Calculate r(l).
-6
Let b(w) = -30*w**3 + 89*w**3 + 86*w**3 - 14*w + 25 - 146*w**3. Determine b(2).
-11
Let b(y) be the first derivative of -y**4/4 + y**3 + 7*y**2/2 - 3*y + 153. Calculate b(4).
9
Let o(l) = -4*l - 6. Let m be (-987)/(-141) + (-1 - -7). Determine o(m).
-58
Let b(z) = 28*z**2 + 3*z + 1. Let t(q) = 114*q**2 + 18*q - 40. Let n(y) = 4*b(y) - t(y). What is n(-7)?
-12
Let t(h) = h**3 + 3*h**2 - 6*h - 6. Let c be t(-4). Let y(v) = -8 + 14 - 5 + 0*v + c*v. Let n be (-11)/3 - (-3)/(-9). Give y(n).
-7
Let m(r) = -r**2 + 17*r - 68. Suppose -20*d + 239 - 5 = 6*d. Calculate m(d).
4
Suppose 0 = 34*y - 32*y - 176. Suppose 99*l - y = 91*l. Let n(u) = u - 20. What is n(l)?
-9
Let s(t) be the first derivative of t**4/4 - t**3 - 38*t**2 - 32*t + 11225. Calculate s(-7).
10
Let c(p) be the second derivative of p**5/20 + 3*p**4/4 + 4*p**3/3 - 5*p**2/2 + 439*p + 3. Determine c(-8).
-5
Let l(o) = -o**3 - 12428 + 24847 - 12427 + 9*o + 4*o**2. Determine l(4).
28
Let k(d) = -d**2 + 11*d - 47. Suppose 6*v + 15 = 23*v - 14*v. Give k(v).
-17
Let g(w) = 2 + 5*w - 5*w - 9*w - w**2 + 5*w. Give g(-5).
-3
Let f(y) = -2*y**2 + 10*y. Let n be (-4 + -58)/((-3)/(-6)*-2). Suppose -100*m = -98*m - n. Suppose 7*t = 18 + m. Give f(t).
-28
Let z = 401/12 + -100/3. Let a(b) be the third derivative